ns digit of 4806?
0
What is the ten thousands digit of 28279?
2
What is the hundreds digit of 1325?
3
What is the tens digit of 542?
4
What is the hundreds digit of 405?
4
What is the units digit of 204?
4
What is the tens digit of 7649?
4
What is the hundreds digit of 4423?
4
What is the tens digit of 8394?
9
What is the thousands digit of 2710?
2
What is the units digit of 2425?
5
What is the hundreds digit of 8715?
7
What is the thousands digit of 17598?
7
What is the hundreds digit of 16311?
3
What is the hundreds digit of 25406?
4
What is the tens digit of 1047?
4
What is the tens digit of 5397?
9
What is the units digit of 1987?
7
What is the thousands digit of 1453?
1
What is the tens digit of 16942?
4
What is the tens digit of 1781?
8
What is the tens digit of 19197?
9
What is the tens digit of 616?
1
What is the hundreds digit of 1268?
2
What is the hundreds digit of 23970?
9
What is the tens digit of 170?
7
What is the thousands digit of 6695?
6
What is the ten thousands digit of 41397?
4
What is the thousands digit of 102962?
2
What is the thousands digit of 5158?
5
What is the hundreds digit of 42615?
6
What is the hundreds digit of 925?
9
What is the hundreds digit of 3127?
1
What is the tens digit of 1435?
3
What is the hundreds digit of 3822?
8
What is the ten thousands digit of 26793?
2
What is the units digit of 128804?
4
What is the units digit of 36938?
8
What is the tens digit of 304?
0
What is the ten thousands digit of 12042?
1
What is the hundreds digit of 16030?
0
What is the thousands digit of 3043?
3
What is the thousands digit of 7093?
7
What is the units digit of 680?
0
What is the hundreds digit of 102723?
7
What is the hundreds digit of 34628?
6
What is the hundreds digit of 2340?
3
What is the units digit of 988?
8
What is the hundreds digit of 913?
9
What is the thousands digit of 12512?
2
What is the units digit of 2761?
1
What is the ten thousands digit of 31657?
3
What is the units digit of 4833?
3
What is the tens digit of 1176?
7
What is the thousands digit of 1692?
1
What is the tens digit of 9893?
9
What is the units digit of 26939?
9
What is the thousands digit of 10258?
0
What is the units digit of 190?
0
What is the units digit of 25537?
7
What is the units digit of 30559?
9
What is the tens digit of 10566?
6
What is the ten thousands digit of 53213?
5
What is the thousands digit of 1496?
1
What is the tens digit of 150?
5
What is the units digit of 1631?
1
What is the units digit of 1936?
6
What is the units digit of 390?
0
What is the thousands digit of 14016?
4
What is the hundreds digit of 2280?
2
What is the thousands digit of 10535?
0
What is the hundreds digit of 28140?
1
What is the hundreds digit of 402?
4
What is the thousands digit of 1249?
1
What is the tens digit of 4443?
4
What is the units digit of 18672?
2
What is the hundreds digit of 905?
9
What is the tens digit of 97753?
5
What is the hundreds digit of 512?
5
What is the tens digit of 70356?
5
What is the units digit of 52420?
0
What is the thousands digit of 19420?
9
What is the ten thousands digit of 110364?
1
What is the tens digit of 17629?
2
What is the thousands digit of 11602?
1
What is the hundreds digit of 2875?
8
What is the ten thousands digit of 10766?
1
What is the thousands digit of 1124?
1
What is the tens digit of 5682?
8
What is the tens digit of 7885?
8
What is the units digit of 2901?
1
What is the ten thousands digit of 44698?
4
What is the units digit of 273?
3
What is the thousands digit of 1702?
1
What is the hundred thousands digit of 163747?
1
What is the ten thousands digit of 16737?
1
What is the tens digit of 8018?
1
What is the thousands digit of 9616?
9
What is the thousands digit of 8189?
8
What is the thousands digit of 5860?
5
What is the thousands digit of 20629?
0
What is the units digit of 3251?
1
What is the ten thousands digit of 47959?
4
What is the hundreds digit of 17641?
6
What is the tens digit of 5239?
3
What is the tens digit of 5593?
9
What is the hundreds digit of 5111?
1
What is the hundreds digit of 5764?
7
What is the tens digit of 6809?
0
What is the thousands digit of 8811?
8
What is the hundreds digit of 41900?
9
What is the tens digit of 4160?
6
What is the thousands digit of 54288?
4
What is the tens digit of 4693?
9
What is the units digit of 945?
5
What is the hundreds digit of 849?
8
What is the units digit of 762?
2
What is the tens digit of 139002?
0
What is the hundreds digit of 2185?
1
What is the hundreds digit of 7581?
5
What is the units digit of 907?
7
What is the ten thousands digit of 96823?
9
What is the units digit of 1305?
5
What is the tens digit of 51230?
3
What is the tens digit of 2574?
7
What is the tens digit of 28668?
6
What is the tens digit of 912?
1
What is the thousands digit of 2417?
2
What is the units digit of 1148?
8
What is the hundreds digit of 14596?
5
What is the tens digit of 24972?
7
What is the hundreds digit of 11822?
8
What is the ten thousands digit of 15371?
1
What is the tens digit of 1154?
5
What is the hundreds digit of 8835?
8
What is the ten thousands digit of 16724?
1
What is the thousands digit of 4660?
4
What is the tens digit of 6027?
2
What is the tens digit of 804?
0
What is the units digit of 192810?
0
What is the ten thousands digit of 13501?
1
What is the thousands digit of 3486?
3
What is the tens digit of 241?
4
What is the ten thousands digit of 13396?
1
What is the tens digit of 10805?
0
What is the tens digit of 91557?
5
What is the hundreds digit of 17737?
7
What is the hundreds digit of 1407?
4
What is the tens digit of 2725?
2
What is the units digit of 63453?
3
What is the thousands digit of 5584?
5
What is the hundreds digit of 567?
5
What is the units digit of 1518?
8
What is the hundreds digit of 1812?
8
What is the units digit of 1341?
1
What is the tens digit of 1250?
5
What is the hundreds digit of 119?
1
What is the thousands digit of 22668?
2
What is the tens digit of 868?
6
What is the hundreds digit of 891?
8
What is the ten thousands digit of 37233?
3
What is the hundreds digit of 104?
1
What is the hundreds digit of 50726?
7
What is the units digit of 3055?
5
What is the tens digit of 879?
7
What is the units digit of 638?
8
What is the hundreds digit of 2841?
8
What is the hundreds digit of 1614?
6
What is the ten thousands digit of 16113?
1
What is the hundreds digit of 788?
7
What is the ten thousands digit of 24651?
2
What is the hundred thousands digit of 172126?
1
What is the units digit of 871?
1
What is the hundreds digit of 1125?
1
What is the units digit of 49380?
0
What is the tens digit of 122643?
4
What is the hundreds digit of 2674?
6
What is the tens digit of 1581?
8
What is the thousands digit of 1493?
1
What is the units digit of 1289?
9
What is the thousands digit of 63408?
3
What is the hundreds digit of 2318?
3
What is the units digit of 77457?
7
What is the ten thousands digit of 95995?
9
What is the tens digit of 1383?
8
What is the hundreds digit of 7432?
4
What is the ten thousands digit of 34742?
3
What is the thousands digit of 1313?
1
What is the units digit of 3436?
6
What is the hundreds digit of 5210?
2
What is the units digit of 3737?
7
What is the thousands digit of 5282?
5
What is the ten thousands digit of 26859?
2
What is the hundreds digit of 16512?
5
What is the tens digit of 2319?
1
What is the thousands digit of 1022?
1
What is the hundreds digit of 16025?
0
What is the thousands digit of 3431?
3
What is the hundreds digit of 1342?
3
What is the tens digit of 5062?
6
What is the tens digit of 18718?
1
What is the tens digit of 557?
5
What is the tens digit of 9929?
2
What is the tens digit of 3942?
4
What is the ten thousands digit of 63317?
6
What is the hundreds digit of 12636?
6
What is the tens digit of 87205?
0
What is the hundreds digit of 56718?
7
What is the units digit of 898?
8
What is the hundreds digit of 126308?
3
What is the units digit of 759?
9
What is the units digit of 12845?
5
What is the hundreds digit of 629?
6
What is the thousands digit of 1460?
1
What is the thousands digit of 47121?
7
What is the thousands digit of 2187?
2
What is the tens digit of 5528?
2
What is the hundreds digit of 5356?
3
What is the tens digit of 57222?
2
What is